igit of i?
1
Suppose 0 = 3*l - 5*x - 5171, 0*x - 2*x + 4 = 0. Let d = l + -1193. What is the tens digit of d?
3
Let k(w) = 11*w**2 - 5*w + 1. Suppose -9 = 4*t - 25. What is the hundreds digit of k(t)?
1
Let d = 9776 - 2725. What is the thousands digit of d?
7
Let t(z) = -z**3 + 4*z**2 + 5*z + 2. Let s be t(5). Suppose q - 98 = -4*n, 5*q = s*n + n + 513. Let b = q - 38. What is the units digit of b?
4
What is the thousands digit of 2561/39*(2 - -106)?
7
Let g = 62 + -39. Suppose -2*j - g = -33. Suppose -j*w + 163 = -367. What is the units digit of w?
6
Suppose 14*q - 10*q - 12 = 0. Suppose l + 1 = -2*a - q, 0 = -2*l - 5*a - 9. What is the units digit of (-4)/30 + (-2468)/(-60) + l?
9
Let j = -19981 + 41152. What is the thousands digit of j?
1
Let g = 5457 + -3499. Suppose 0 = -5*m - j + g, -2*m + 780 = -0*j + 2*j. What is the tens digit of m?
9
Suppose 6*n = 2*n - 624. Suppose 2*r - s = -168, -r + 15*s - 10*s = 66. Let k = r - n. What is the units digit of k?
0
Let p = -827 - -830. Suppose -4*b - 1235 = -3*f, f + 2*b = -p*f + 1654. What is the units digit of f?
3
Suppose 18*m + 29448 = 22*m - 4*n, n = -5*m + 36786. What is the units digit of m?
8
Let t = -3690 + 4439. What is the units digit of t?
9
What is the tens digit of ((-63)/(-9) + -8)*-4541?
4
Let b(v) be the first derivative of v**4/4 - 2*v**3/3 + v**2/2 + 84*v - 2. Suppose 0 = -33*m + 13*m. What is the tens digit of b(m)?
8
Let v(g) = 408*g**2 + 33*g - 92. What is the tens digit of v(5)?
7
Let m(r) = r**2 - 19*r - 13. Let y = -53 + 43. Let f be m(y). Suppose 3*h - 4*p = 257, -3*h - 2*p = -p - f. What is the units digit of h?
1
Let h be 0 + 1/2 - (-39)/(-26). Let w be (-3*(-1018)/6)/h. Let g = -330 - w. What is the units digit of g?
9
Let p(g) be the third derivative of -g**6/120 + 13*g**5/30 + g**4/3 - 14*g**3 - 2*g**2 + 67*g. What is the hundreds digit of p(26)?
1
What is the thousands digit of -3 + 70/10 - -271*(-43)/(-1)?
1
Let l be (2 + (-11)/(-2))*4/10. What is the thousands digit of (l + (-31)/(-2))*(53 + 9)?
1
Let x(j) = -3*j**3 + 5*j**2 - j - 7. Let s = 11 + -7. Let w(g) = -2*g**3 + 5*g**2 - g - 8. Let o(r) = s*w(r) - 3*x(r). What is the units digit of o(4)?
9
Let l(c) = 15*c**2 + 106*c - 22. Let v(m) = 2*m**2 + 22*m - 1. Let y(r) = l(r) - 5*v(r). Let d be 5/((-5)/(-6)) + -1. What is the units digit of y(d)?
8
What is the units digit of (-51294)/(-10) - (-84)/140?
0
Suppose -2*p - 10 + 40 = 0. Suppose -2*z + 3*z - 2*x = -10, z - 3*x = -p. Suppose 2*r - r - 7 = z. What is the units digit of r?
7
Let j be (23 - 3) + -3 - 0. Suppose -m + l + j = 8, 2*l = -4*m + 54. Suppose -4*u + 925 = -5*n, 6*n - m = 2*n. What is the hundreds digit of u?
2
What is the units digit of (-4)/(276/1455325)*-1*(0 + 3)?
5
Let x be (11/11)/((-4)/(-8)). Suppose -20*n + 11160 = -x*n. What is the units digit of n?
0
Let m(h) = 189*h**2 + 31*h + 101. What is the tens digit of m(-4)?
0
Let i(a) = a + 19. Let n be i(-7). Let t be 2 + n - (2 - 2). What is the tens digit of 151 + ((-7)/t)/(2/(-4))?
5
Let m = -88248 - -147590. What is the hundreds digit of m?
3
Suppose -6*x = -36049 - 34319. What is the hundreds digit of x/28 - (-2)/14?
4
Suppose 5001263 = 128*c + 1559229 - 1010446. What is the ten thousands digit of c?
3
Let u = 104 - 97. Let k be (1181 - u)*3/(8 + -2). Suppose 3*j - 5*x - k = -7*x, 2*j - 398 = -3*x. What is the units digit of j?
3
Suppose -25*c + 12*c + 12896 = 0. Let v = c - 163. What is the units digit of v?
9
Let m(d) = -246*d**3 - 9*d**2 - 30*d - 274. What is the units digit of m(-7)?
3
Let l = -72 + 109. What is the tens digit of (-1*1)/(l/(-3959))?
0
Let c = -19 - -19. Let r be -10 + 11 - (c - 141). Suppose 0 = p - 4*a - r, 2*p + 2*a = 4*p - 290. What is the tens digit of p?
4
Let q be -3 - 882 - ((-3)/3 + 3). Let z = 107 - q. Suppose 5*h - 3*m + 268 - z = 0, 432 = 3*h - 3*m. What is the units digit of h?
7
Let k(l) = 16*l + 67. Let q(i) = -25*i - 101. Let s(a) = 8*k(a) + 5*q(a). Let y be (-6)/4 + (-66)/(-4). What is the tens digit of s(y)?
7
Let n(x) = x**2 + 17*x + 33. Let b = -16 + 1. Let w be n(b). Suppose -5*l + w*j = -859, 2*l + l + 4*j = 498. What is the hundreds digit of l?
1
Let t(w) = -w + 38. Let g be t(36). Suppose 4*l - g*v - 1324 = 0, 3*v + 412 = -3*l + 1405. What is the tens digit of l?
3
Let t(f) = 71*f - 19. Let o(k) = k**2 + 25*k - 26. Let c be o(-23). Let u = c - -75. What is the hundreds digit of t(u)?
1
Let v = 32188 + -19407. What is the tens digit of v?
8
Let l(v) = -20187*v + 2071. What is the tens digit of l(-2)?
4
Suppose -2*t + 2*j = -3308, 1283 = 5*t - j - 6979. Suppose 0 = 8*g - g - t. What is the units digit of 4/(-14 + 2) - g/(-6)?
9
Let l = -6034 + 8903. What is the tens digit of l?
6
Let f = 55 - 16. Let h = 56 - f. Suppose 6 = -11*q + h*q. What is the units digit of q?
1
Suppose -x - 4*f = -9262, -f + 0*f + 18552 = 2*x. What is the tens digit of x?
7
Let m(z) = 23*z**2 + 22*z - 90. What is the hundreds digit of m(18)?
7
Suppose -f - 14278 + 45099 = 2*v, f - 30829 = 2*v. What is the thousands digit of f?
0
Let w = 281 + -278. Suppose -21*n - 3*j - 498 = -24*n, w*n - 494 = j. What is the tens digit of n?
6
Suppose 0 = -3*u - u - 128. Let h be 1116/(-16) + (-4)/u*-2. Let c = 153 + h. What is the tens digit of c?
8
Let z = 2848 - -6359. What is the hundreds digit of z?
2
Let m(y) = 35 - 7*y + 18*y - 8*y. Let x be m(-8). Suppose -x*v + 4 = -7*v. What is the units digit of v?
1
What is the thousands digit of (3 - -11892) + 2/(((-38)/4)/(-19))?
1
Suppose 0 = 3*u - i - 30078, -258*i = -2*u - 261*i + 20030. What is the units digit of u?
4
Suppose -26*q + 162171 = -145504 - 1284123. What is the thousands digit of q?
1
Suppose 104 = -4*m - 312. Let z = -68 - m. What is the tens digit of z?
3
Let a(x) = -76*x + 49. Suppose -3*p - 11 = -q + 49, 0 = -2*p + q - 40. What is the tens digit of a(p)?
6
Let t(u) = 132*u + 6. Let c be (2 + -10)/(-1 - 1). Let w be t(c). Suppose 5*z = 4*n - 1083 + 353, w = 3*n + 3*z. What is the units digit of n?
0
Let i(f) = -3*f + 11. Let w(b) = -3*b - 21 + 2*b + 4*b + 2*b. Let q(u) = -7*i(u) - 3*w(u). What is the tens digit of q(8)?
3
Suppose -2*s + 17040 = 3*s - 3*s. What is the units digit of s?
0
Let n be 2 - -1*(-2)/(-6)*-48. What is the tens digit of (n/8)/((-5)/480*1)?
6
Let p be (1 - 2)*(1 + -6). Suppose 6*b + p*l - 338 = 3*b, b = 3*l + 136. Let x = b - 57. What is the tens digit of x?
6
What is the thousands digit of (-9)/(-4) + (28877667/(-84))/(-13)?
6
Let o(v) = 55*v**3 + 3*v**2 + 27*v - 221. What is the hundreds digit of o(6)?
9
Suppose 2*t + 4*z = 27772, 0*z = -3*z - 6. What is the ten thousands digit of t?
1
Let j(c) = 7*c**2 - 11*c - 18. Suppose -15 = 11*g - 8*g. Let w(z) = -6*z**2 + 10*z + 17. Let p(n) = g*j(n) - 6*w(n). What is the units digit of p(9)?
4
Suppose 0 = -f - 6, -898 = -5*z + 4*f + 17471. What is the thousands digit of z?
3
Suppose -2*j + 4 = -0. Suppose 3*h = j*h + 4. Suppose -s - 5*d + 28 = -2*d, -80 = -4*s - h*d. What is the tens digit of s?
1
Let f be (8/2 - 96)*92/16. Let j = f - -1104. What is the units digit of j?
5
Let a(z) = -z**3 - 9*z**2 - 55*z - 579. What is the hundreds digit of a(-23)?
0
What is the units digit of 32/(-56) + 4726391/119?
7
Suppose -123 + 127 = i. Suppose i*b + 2*b = 834. Suppose -9*q = -77 - b. What is the tens digit of q?
2
Let c = -104 + 120. Let s(u) = 6*u - 78. Let m be s(c). Suppose m*g - 514 - 1088 = 0. What is the tens digit of g?
8
Let u = 18738 - 8061. What is the ten thousands digit of u?
1
Let k(c) = -c**3 + 2*c**2 + 6*c + 33. Let l be k(-8). Let n = l + 298. What is the hundreds digit of n?
9
Let z(s) = 2*s**2 - 18*s - 31. Let m be z(-18). Suppose 3*p - 532 = i - 1481, 5*p + m = i. What is the hundreds digit of i?
9
Let z(l) = -542*l + 26447. What is the ten thousands digit of z(0)?
2
Let p = -99 - -111. Suppose 3*h + 1294 = 5*c, -p*c + 8*c - 3*h = -1019. Suppose -i + c - 49 = 0. What is the tens digit of i?
0
Let h(u) = 4*u - 37. Let w be h(12). Suppose -2*b = -5*n - 1955, 13*b - w*b - n - 1959 = 0. What is the units digit of b?
0
Suppose 6*f + 33474 = 9*f - 3*d, 0 = -4*f - 9*d + 44671. What is the thousands digit of f?
1
Let g(s) = -s**2 - 18*s + 26. Let k be g(-19). Let a(y) = 6*y**2 + 23*y + 9. What is the hundreds digit of a(k)?
4
Let c = -456 + 781. Let k = c